 15*b. Let y = 8 + -2. Let n(a) = -6*a + y*a - 2*a + 3. What is n(b)?
-15
Let p be -2*(-2)/4*1. Suppose 4*j = -5*y + 3380, -2*j - 15 = -5*j. Let l(f) = y - 672 - 5*f. Give l(p).
-5
Let m(l) = 1 - 5 - l**2 + 0*l - 7*l + 2*l. Let z be m(-6). Let p(v) = v**3 + 11*v**2 + 9*v - 14. Let x be p(z). Let s(t) = -2*t - 7. Calculate s(x).
1
Let v(c) = 2*c - 1. Let g(h) = -10*h. Let a(k) = g(k) + 3*v(k). Determine a(-1).
1
Let c = -139 + 144. Let f(r) be the first derivative of -2*r + 1/2*r**2 - c. What is f(-2)?
-4
Let g(o) = -o**3 - o**2 + 2 + 0*o**3 + 6*o**3 - o - 3. Let r be (-25)/15 + (-15)/(-9). Suppose 2*d + r = 5*b + 8, 2 = 4*d - 3*b. Determine g(d).
-6
Let a(f) = -30*f - 59. Let b(m) = 55*m + 108. Let r be b(-2). What is a(r)?
1
Let c be ((103 + -78)*(-9)/(-15))/(2 + 1). Let z(x) = x - 20. Determine z(c).
-15
Let s(i) be the second derivative of -i**4/12 - 3*i**3/2 - 7*i**2/2 + i. Let d(v) = 1160*v**2 - 3482*v - 3. Let b be d(3). Give s(b).
-7
Let d(n) = n**3 + 7*n**2 + 4*n - 8. Suppose -2*u - 2 = -16. Let o be u/((-63)/6) + 23/3. Suppose 2*l = -o - 5. What is d(l)?
4
Let a(y) be the second derivative of -1/20*y**5 - 7/2*y**2 - 2 + 1/6*y**3 - 39*y - 1/3*y**4. Give a(-5).
13
Let s(h) = -31*h - 31*h - 67 + 94*h - 40 - 27*h. Calculate s(22).
3
Let i(x) = -3*x**2 + 16*x + 5. Let q(n) = -4*n**2 + 24*n + 7. Let g(h) = 7*i(h) - 5*q(h). Let l = 10909 + -10913. What is g(l)?
16
Let v(z) = z**3 - 6*z**2 + 7*z - 5. Suppose 4*l - 3*l + 50 = 4*h, 0 = 2*h + 2*l - 20. Suppose -5*p = -8 - h. What is v(p)?
-9
Let v(f) = f**3 + 6*f**2 + 4*f + 2. Let t(q) = -48*q**3 + 11*q**2 + 14*q + 2. Let p be t(-2). Let r = 397 - p. Calculate v(r).
7
Let y(u) = u**3 - 5*u**2 + 8*u - 2. Suppose 195 = 35*v + 20. Calculate y(v).
38
Let m be 5 - ((-30)/5 - 305). Let a(n) = -m + 308 - n**3 + 4*n**2 - 6*n + 3*n**2 + n**2. Give a(7).
-1
Let i be (0 + (-8)/(-2))*3/6. Let r(n) = -5 - 14 + 0*n - 8*n - 2*n**i + 25. What is r(-6)?
-18
Let b = -194 + 197. Let g(k) = -6*k**3 + 2*k**2 - k + 4. Let t(n) = n - 1. Let a(o) = b*t(o) + g(o). Give a(-1).
7
Let x = -25 + 25. Let b be x - -2 - 7/((-7)/3). Let w(j) = j + 1. Let h(o) = -6*o - 6. Let m(r) = b*w(r) + h(r). Calculate m(-6).
5
Let t(d) = -3*d - 1. Let l(q) = 36 + 35 - 17*q - 75. Let f(r) = -4*l(r) + 22*t(r). What is f(6)?
6
Let t(z) = -2*z**2 + 76*z - 481. Let x be t(8). Let i(g) be the first derivative of 4*g**3/3 + g + 1. Let u(l) be the first derivative of i(l). Give u(x).
-8
Suppose 11604 = 10*a + 11514. Let v(y) = y**2 - 11*y + 25. Determine v(a).
7
Let b(o) be the second derivative of -o**4/2 + 2*o**3 - 7*o**2 + 5368*o. Determine b(4).
-62
Let f(y) = 15*y + 148. Let p(a) = -7*a - 69. Let g(v) = 6*f(v) + 13*p(v). Calculate g(14).
-23
Let l = 1234 - 1219. Let p(c) = -c**3 + 13*c**2 + 30*c + 3. Give p(l).
3
Let p = -3 - -5. Let b(m) = 1 + 4 - 10 + 6 - m**2. Calculate b(p).
-3
Let p(f) = 3*f**3 + 15*f**2 + 10*f + 5. Let o(b) = -b**3 - 5*b**2 - 3*b - 1. Let i(w) = -7*o(w) - 2*p(w). What is i(-3)?
12
Let f be 39*(-4 + 1 - -2). Let d = -42 - f. Let a(o) = -o**2 + 9. Let g(l) = -2. Let y(k) = -a(k) - 6*g(k). What is y(d)?
12
Let c(l) be the third derivative of -7/20*l**6 + 0*l**3 + 1/24*l**4 + 97*l**2 + 0*l + 0 - 1/60*l**5. What is c(1)?
-42
Let n(f) = -293*f + 299*f + 38 - 29. Determine n(-3).
-9
Let h(j) = -2*j**2 + 34*j - 18. Suppose 204*b + 405*b - 8355 = 52*b. What is h(b)?
42
Suppose -3*d = 55 - 64. Let c be -4*(-7)/21*d. Let g(v) = v**2 - 6*v + 1. What is g(c)?
-7
Let t(m) = m**3 - 2*m**2 - 3*m. Suppose 0*c + 3*c + 36 = 0. Let a(g) = 10*g + 123. Let w be a(c). What is t(w)?
0
Let g(l) = -19*l - 134. Let m be g(-7). Let h(y) = -65*y**2 + 3*y + 2. Calculate h(m).
-66
Let p(r) = -r**3 - 4*r**2 + 24*r - 90. Let u be p(-10). Let m = u + -276. Let f(s) be the second derivative of -s**3/3 - 4*s**2 + s. What is f(m)?
4
Let d(g) = -7*g**2 + 2*g - 1. Let k(j) = -5*j - 9. Let t = -38 - -42. Suppose -4 = -t*y - 12. Let b be k(y). Give d(b).
-6
Suppose 21*a + 16 = -68. Let g be (0 - (-4 - -1)) + 5 + a. Let d(b) = -b**3 + 4*b**2 - 6. Give d(g).
-6
Let h(m) be the third derivative of -103*m**4/24 - 151*m**3/3 + 147*m**2 - 3*m - 1. Give h(-3).
7
Let q(j) be the second derivative of -1/2*j**3 - 3*j**2 + 0 - 2*j - 1/12*j**4. Determine q(-4).
-10
Let l(k) be the first derivative of 7*k**3/3 - 5*k**2 - 13*k - 4. Let v(d) = 18*d**2 - 20*d - 27. Let j(r) = -5*l(r) + 2*v(r). What is j(-11)?
22
Suppose 16*g + 16 = 24*g. Let t(u) = -470*u**g - 474*u**2 - 6 + 2*u + 0 + 943*u**2. Determine t(6).
-30
Let n(y) = y**2 - 67 + 1 + 31 + 6*y + 24 + 7*y. Determine n(-8).
-51
Let w be (-72)/20 + (-2)/5. Let i(v) = -4*v + 3. Let t be i(w). Let c(k) = -4*k - 11*k**2 - 9*k**2 + 6 + t*k**2. Determine c(-6).
-6
Suppose 16*k - 12*k = -15*k - 76. Let j(d) = -d**3 - 5*d**2 + 4*d - 2. What is j(k)?
-34
Let p be 0*4*(9 - 140/16). Let t(a) be the third derivative of p + 5/3*a**3 - 20*a**2 + 0*a - 5/12*a**4 + 1/60*a**5. Calculate t(7).
-11
Let t(u) = u**2 - 4*u + 1. Let k(i) = -i**2 + 5*i. Let a(p) = -3*k(p) - 2*t(p). Suppose m = -0*m - 2. Let h(c) = 3*c**2 + 2*c - 1. Let v be h(m). What is a(v)?
-2
Let n(v) = 5*v**3 + 200*v**2 + v + 40. Let i be n(-40). Let g(a) = -7*a - 19. Calculate g(i).
-19
Let k(s) be the third derivative of -s**5/60 - s**4/3 - 5*s**3/3 - 246*s**2. Suppose -2*p - 16 = 3*j - 0, -3*p + j - 13 = 0. Determine k(p).
5
Suppose g - c - 84 = -3*c, -2*g + 3*c + 189 = 0. Let k = -87 + g. Suppose 11 = 4*w - f - 0, -f = -2*w + k. Let z(o) = -o**3 + 5*o**2 - 6*o. What is z(w)?
-8
Let d(n) be the third derivative of -n**5/60 + 7*n**4/6 - 20*n**3/3 + 5*n**2 - 1208. Give d(30).
-100
Let m(l) be the third derivative of -l**5/60 + 11*l**4/24 - 11*l**3/3 + 2*l**2 + 42. Let o be m(8). Let a(t) = -t**3 - t**2 + 2. Give a(o).
-10
Let r be (2/((-8)/9))/((-6)/120). Let j = r + -42. Let o(z) = -12 - j*z**3 + 7*z**2 + 8 + 4*z**3 + 8 + 6*z. Give o(-6).
4
Let b(y) = -2*y**2 + y + 1. Let z(i) = -i**3 + 3*i**2 + 5*i. Let o be z(4). Suppose -o*j + 6 = -j. Give b(j).
-5
Let h = -12 - -2. Let w(j) = j + 14. Let v be w(h). Suppose -5*t = v + 26. Let l(u) = u**2 + 6*u - 3. Determine l(t).
-3
Let f(z) = 859*z - 1718*z + 858*z - 11. Let d be -4*(-2)/(-8)*6. Give f(d).
-5
Let z(i) = -13*i - 2. Let u(a) = a. Let b(j) = -5*u(j) - z(j). Let h = -34 - -38. Suppose c - 1 = -2*m + 3, -h*c = 5*m - 7. What is b(c)?
-14
Suppose 0 = 13*c - 7 - 19. Let u(f) = f + 8*f - f**3 - 2*f - 4 + 5*f**c. What is u(6)?
2
Let t(n) = -n - 33. Suppose 1288 = 20*c - 2*c + 1630. Calculate t(c).
-14
Let n(u) = 2*u - 2. Let m be (3 + 0)*(-260)/(-60). Suppose -2*f = -3*k - 11, -m*f - 2*k = -12*f - 2. Suppose 0 = f*p + 17 + 7. What is n(p)?
-14
Let m(z) = z**3 - z**2 - 3*z + 2. Let v(i) = 2*i**2 - 23*i + 13. Let l be v(10). Let h = l + 19. Calculate m(h).
0
Let m be (((-16)/5)/(-2))/(6/885). Let u = m - 228. Let w(y) = y**3 - 7*y**2 - 7*y - 10. Calculate w(u).
-2
Let b be (18 - 264/15)/((-2)/(-90)). Let w(k) be the third derivative of -7/6*k**3 + 0 + b*k**2 + 1/12*k**4 + k. What is w(-5)?
-17
Let q(j) = -48086*j + 33 + 96170*j - 48085*j. Give q(-3).
36
Let b(i) = i**3 - 2*i**2 - 7*i - 1. Let p(o) = 35*o - 2201. Let m be p(63). Determine b(m).
3
Let c be (-15)/(-9) - 531/27. Let v(j) = -j**3 - 19*j**2 - 18*j + 15. Give v(c).
15
Let f = 3 + 0. Suppose 3*p = f*l + 6, -l = -2*p + 2 + 3. Let c(k) be the third derivative of -k**4/24 - k**3/6 + 39*k**2. What is c(p)?
-4
Let z(f) be the second derivative of f**5/20 + 3*f**4/4 + 4*f**3/3 + 2*f**2 - 153*f + 1. Let t = 9 + -17. What is z(t)?
4
Let s(z) = z**2 - 20*z + 4. Let x(l) be the first derivative of 2*l**2 + l - 176. Let c(k) = -s(k) - 5*x(k). What is c(0)?
-9
Let y(r) = -3*r + 11. Suppose -3*x - 330*g + 325*g + 12 = 0, 3*g = -3*x. Determine y(x).
29
Let b(f) = -f**3 + 2*f**2 + f - 3. Suppose -8 = 2*v - 23*s + 27*s, 2*s - 32 = 5*v. Let k(p) = 27*p + 165. Let x be k(v). What is b(x)?
-9
Let o(l) = 57 - 3 + 16 + 0 + 19 + 15*l. Calculate o(-5).
14
Let d = -37443 - -37446. Let n(s) = -5*s**2 - 2*s. Suppose -5*g - 4 = 21. Let j(k) = 6*k**2 + 2*k. Let y(v) = g*n(v) - 4*j(v). Give y(d).
15
Let m be (-650)/(-550) + (-4)/22. Let z(x) be the first derivative of -9*x**2/2 + x - 6. Determine z(m).
-8
Let x(l) = -713*l**2 - 696*l**2 + 1392*l**2 - 3*l - 1. Calculate x(-2).
-63
Let h(n) = -6